{"id":1186,"date":"2023-03-31T10:08:29","date_gmt":"2023-03-31T08:08:29","guid":{"rendered":"https:\/\/portal.edu.gva.es\/iesisabel-clarasimo\/?post_type=tribe_events&#038;p=1186"},"modified":"2023-05-18T08:55:52","modified_gmt":"2023-05-18T06:55:52","slug":"__trashed-2","status":"publish","type":"tribe_events","link":"https:\/\/portal.edu.gva.es\/iesisabel-clarasimo\/event\/__trashed-2\/","title":{"rendered":"NOVETAT! Certificat professional de SERVEIS EST\u00c8TICS D&#8217;HIGIENE, DEPILACI\u00d3 I MAQUILLATGE!"},"content":{"rendered":"<p>Novetat en l&#8217;oferta formativa del nostre Centre. A partir de l&#8217;11 d&#8217;abril s&#8217;impartir\u00e0 un Certificat professional de <strong>SERVEIS EST\u00c8TICS D&#8217;HIGIENE, DEPILACI\u00d3 I MAQUILLATGE<\/strong>, C\u00f2dig IMPP0208 (NIVELL 2).<\/p>\n<p>Este curs s&#8217;inclou en l&#8217;oferta del serveis d&#8217;ocupaci\u00f3 LABORA.<\/p>\n<p>VA DIRIGIT A TOT EL P\u00daBLIC EN GENERAL, I T\u00c9 UNA DURACI\u00d3 DE 640 HORES (25 hores setmanals).<\/p>\n<p>Inscripcions i informaci\u00f3, a secretaria del nostre Centre.<\/p>\n","protected":false},"excerpt":{"rendered":"<p>Novetat en l&#8217;oferta formativa del nostre Centre. A partir de l&#8217;11 d&#8217;abril s&#8217;impartir\u00e0 un Certificat professional de SERVEIS EST\u00c8TICS D&#8217;HIGIENE, DEPILACI\u00d3 I MAQUILLATGE, C\u00f2dig IMPP0208 (NIVELL 2). Este curs s&#8217;inclou en l&#8217;oferta del serveis d&#8217;ocupaci\u00f3 LABORA. VA DIRIGIT A TOT EL P\u00daBLIC EN GENERAL, I T\u00c9 UNA DURACI\u00d3 DE 640 HORES (25 hores setmanals). Inscripcions &#8230; <a title=\"NOVETAT! Certificat professional de SERVEIS EST\u00c8TICS D&#8217;HIGIENE, DEPILACI\u00d3 I MAQUILLATGE!\" class=\"read-more\" href=\"https:\/\/portal.edu.gva.es\/iesisabel-clarasimo\/event\/__trashed-2\/\" aria-label=\"Read more about NOVETAT! Certificat professional de SERVEIS EST\u00c8TICS D&#8217;HIGIENE, DEPILACI\u00d3 I MAQUILLATGE!\">Leer m\u00e1s<\/a><\/p>\n","protected":false},"author":59933,"featured_media":0,"comment_status":"closed","ping_status":"closed","template":"","meta":{"_tribe_events_status":"","_tribe_events_status_reason":"","footnotes":""},"tags":[],"tribe_events_cat":[],"class_list":["post-1186","tribe_events","type-tribe_events","status-publish","hentry"],"lang":"va","translations":{"va":1186,"es":1190},"pll_sync_post":{"va":true,"es":true},"_links":{"self":[{"href":"https:\/\/portal.edu.gva.es\/iesisabel-clarasimo\/wp-json\/wp\/v2\/tribe_events\/1186"}],"collection":[{"href":"https:\/\/portal.edu.gva.es\/iesisabel-clarasimo\/wp-json\/wp\/v2\/tribe_events"}],"about":[{"href":"https:\/\/portal.edu.gva.es\/iesisabel-clarasimo\/wp-json\/wp\/v2\/types\/tribe_events"}],"author":[{"embeddable":true,"href":"https:\/\/portal.edu.gva.es\/iesisabel-clarasimo\/wp-json\/wp\/v2\/users\/59933"}],"replies":[{"embeddable":true,"href":"https:\/\/portal.edu.gva.es\/iesisabel-clarasimo\/wp-json\/wp\/v2\/comments?post=1186"}],"version-history":[{"count":2,"href":"https:\/\/portal.edu.gva.es\/iesisabel-clarasimo\/wp-json\/wp\/v2\/tribe_events\/1186\/revisions"}],"predecessor-version":[{"id":1189,"href":"https:\/\/portal.edu.gva.es\/iesisabel-clarasimo\/wp-json\/wp\/v2\/tribe_events\/1186\/revisions\/1189"}],"wp:attachment":[{"href":"https:\/\/portal.edu.gva.es\/iesisabel-clarasimo\/wp-json\/wp\/v2\/media?parent=1186"}],"wp:term":[{"taxonomy":"post_tag","embeddable":true,"href":"https:\/\/portal.edu.gva.es\/iesisabel-clarasimo\/wp-json\/wp\/v2\/tags?post=1186"},{"taxonomy":"tribe_events_cat","embeddable":true,"href":"https:\/\/portal.edu.gva.es\/iesisabel-clarasimo\/wp-json\/wp\/v2\/tribe_events_cat?post=1186"}],"curies":[{"name":"wp","href":"https:\/\/api.w.org\/{rel}","templated":true}]}}

NOVETAT! Certificat professional de SERVEIS ESTÈTICS D&#8217;HIGIENE, DEPILACIÓ I MAQUILLATGE!

<p>Novetat en l&#8217;oferta formativa del nostre Centre. A partir de l&#8217;11 d&#8217;abril s&#8217;impartirà un Certificat professional de <strong>SERVEIS ESTÈTICS D&#8217;HIGIENE, DEPILACIÓ I MAQUILLATGE</strong>, Còdig IMPP0208 (NIVELL 2).</p>
<p>Este curs s&#8217;inclou en l&#8217;oferta del serveis d&#8217;ocupació LABORA.</p>
<p>VA DIRIGIT A TOT EL PÚBLIC EN GENERAL, I TÉ UNA DURACIÓ DE 640 HORES (25 hores setmanals).</p>
<p>Inscripcions i informació, a secretaria del nostre Centre.</p>

<p>Novetat en l&#8217;oferta formativa del nostre Centre. A partir de l&#8217;11 d&#8217;abril s&#8217;impartirà un Certificat professional de SERVEIS ESTÈTICS D&#8217;HIGIENE, DEPILACIÓ I MAQUILLATGE, Còdig IMPP0208 (NIVELL 2). Este curs s&#8217;inclou en l&#8217;oferta del serveis d&#8217;ocupació LABORA. VA DIRIGIT A TOT EL PÚBLIC EN GENERAL, I TÉ UNA DURACIÓ DE 640 HORES (25 hores setmanals). Inscripcions &#8230; <a title="NOVETAT! Certificat professional de SERVEIS ESTÈTICS D&#8217;HIGIENE, DEPILACIÓ I MAQUILLATGE!" class="read-more" href="https://portal.edu.gva.es/iesisabel-clarasimo/event/__trashed-2/" aria-label="Read more about NOVETAT! Certificat professional de SERVEIS ESTÈTICS D&#8217;HIGIENE, DEPILACIÓ I MAQUILLATGE!">Leer más</a></p>
