{"id":1852,"date":"2025-06-27T19:51:57","date_gmt":"2025-06-27T17:51:57","guid":{"rendered":"https:\/\/portal.edu.gva.es\/iescanet\/?post_type=tribe_events&#038;p=1852"},"modified":"2025-06-27T21:07:14","modified_gmt":"2025-06-27T19:07:14","slug":"1852","status":"publish","type":"tribe_events","link":"https:\/\/portal.edu.gva.es\/iescanet\/event\/1852\/","title":{"rendered":"XIII FESTIVAL INTERNACIONAL DE JUDO PLATJA CANET D&#8217;EN BERENGUER"},"content":{"rendered":"<p style=\"text-align: center\"><strong><span style=\"color: #42b8b8\">\ud83e\udd4b\ud83c\udf0d XIII FESTIVAL INTERNACIONAL DE JUDO \u2013 PLATJA CANET D&#8217;EN BERENGUER<\/span><\/strong><\/p>\n<p style=\"text-align: center\">\ud83d\udccd Gimnasio del IES N\u00ba1 de Canet d\u2019en Berenguer<\/p>\n<p style=\"text-align: center\">\ud83d\udd58 \u00a1Desde las 9:00 de la ma\u00f1ana!<\/p>\n<p style=\"text-align: center\">\ud83d\udca5 Ven a disfrutar del mejor judo con participantes de alto nivel.<\/p>\n<p style=\"text-align: center\">\ud83d\udcaa Orgullo de nuestro centro: <a href=\"https:\/\/portal.edu.gva.es\/iescanet\/nico-un-titan-en-el-tatami\/\" target=\"_blank\" rel=\"noopener\">Niko<\/a> y <a href=\"https:\/\/portal.edu.gva.es\/iescanet\/alvaro-pasion-tecnica-y-disciplina-sobre-el-tatami\/\" target=\"_blank\" rel=\"noopener\">\u00c1lvaro<\/a>, grandes referentes del judo local. Adem\u00e1s de la presencia de Victoriia Romanukha, Joan Roig, David, Andrii Romanukha,y \u00a0el cintur\u00f3n negro del club de Canet, Pablo Valls<\/p>\n<p style=\"text-align: center\">\u26a0\ufe0f Recuerda traer calzado de goma para proteger el suelo del gimnasio.<\/p>\n<p style=\"text-align: center\">\ud83d\udcf8 \u00a1No faltes a este gran evento deportivo!<\/p>\n<p style=\"text-align: center\"><span style=\"color: #42b8b8\"><strong>\ud83e\udd4b\ud83c\udf0d XIII FESTIVAL INTERNACIONAL DE JUDO \u2013 PLATJA CANET D&#8217;EN BERENGUER<\/strong><\/span><\/p>\n<p style=\"text-align: center\">\ud83d\udccd Gimn\u00e0s de l\u2019IES N\u00ba1 de Canet d\u2019en Berenguer<\/p>\n<p style=\"text-align: center\">\ud83d\udd58 A partir de les 9:00 del mat\u00ed!<\/p>\n<p style=\"text-align: center\">\ud83d\udca5 Vine a gaudir del millor judo amb participants de gran nivell.<\/p>\n<p style=\"text-align: center\">\ud83d\udcaa Orgull del nostre centre: <a href=\"https:\/\/portal.edu.gva.es\/iescanet\/nico-un-titan-en-el-tatami\/\" target=\"_blank\" rel=\"noopener\">Niko<\/a> i <a href=\"https:\/\/portal.edu.gva.es\/iescanet\/alvaro-pasion-tecnica-y-disciplina-sobre-el-tatami\/\" target=\"_blank\" rel=\"noopener\">\u00c1lvaro<\/a>, grans referents del judo local. A m\u00e9s de la pres\u00e8ncia de Victoriia Romanukha, Joan Roig, David, Andrii Romanukha i el cintur\u00f3 negre del club de Canet, Pablo Valls<\/p>\n<p style=\"text-align: center\">\u26a0\ufe0f Recorda portar cal\u00e7at de goma per a protegir el s\u00f2l del gimn\u00e0s.<\/p>\n<p style=\"text-align: center\">\ud83d\udcf8 No et perdes aquest gran esdeveniment esportiu!<\/p>\n","protected":false},"excerpt":{"rendered":"<p>\ud83e\udd4b\ud83c\udf0d XIII FESTIVAL INTERNACIONAL DE JUDO \u2013 PLATJA CANET D&#8217;EN BERENGUER \ud83d\udccd Gimnasio del IES N\u00ba1 de Canet d\u2019en Berenguer \ud83d\udd58 \u00a1Desde las 9:00 de la ma\u00f1ana! \ud83d\udca5 Ven a disfrutar del mejor judo con participantes de alto nivel. \ud83d\udcaa Orgullo de nuestro centro: Niko y \u00c1lvaro, grandes referentes del judo local. Adem\u00e1s de la &#8230; <\/p>\n<p class=\"read-more-container\"><a title=\"XIII FESTIVAL INTERNACIONAL DE JUDO PLATJA CANET D&#8217;EN BERENGUER\" class=\"read-more button\" href=\"https:\/\/portal.edu.gva.es\/iescanet\/event\/1852\/#more-1852\" aria-label=\"Read more about XIII FESTIVAL INTERNACIONAL DE JUDO PLATJA CANET D&#8217;EN BERENGUER\">Leer m\u00e1s<\/a><\/p>\n","protected":false},"author":48951,"featured_media":1853,"comment_status":"closed","ping_status":"closed","template":"","meta":{"_tribe_events_status":"","_tribe_events_status_reason":"","footnotes":""},"tags":[],"tribe_events_cat":[],"class_list":["post-1852","tribe_events","type-tribe_events","status-publish","has-post-thumbnail","hentry","infinite-scroll-item"],"lang":"va","translations":{"va":1852},"pll_sync_post":[],"_links":{"self":[{"href":"https:\/\/portal.edu.gva.es\/iescanet\/wp-json\/wp\/v2\/tribe_events\/1852"}],"collection":[{"href":"https:\/\/portal.edu.gva.es\/iescanet\/wp-json\/wp\/v2\/tribe_events"}],"about":[{"href":"https:\/\/portal.edu.gva.es\/iescanet\/wp-json\/wp\/v2\/types\/tribe_events"}],"author":[{"embeddable":true,"href":"https:\/\/portal.edu.gva.es\/iescanet\/wp-json\/wp\/v2\/users\/48951"}],"replies":[{"embeddable":true,"href":"https:\/\/portal.edu.gva.es\/iescanet\/wp-json\/wp\/v2\/comments?post=1852"}],"version-history":[{"count":3,"href":"https:\/\/portal.edu.gva.es\/iescanet\/wp-json\/wp\/v2\/tribe_events\/1852\/revisions"}],"predecessor-version":[{"id":1861,"href":"https:\/\/portal.edu.gva.es\/iescanet\/wp-json\/wp\/v2\/tribe_events\/1852\/revisions\/1861"}],"wp:featuredmedia":[{"embeddable":true,"href":"https:\/\/portal.edu.gva.es\/iescanet\/wp-json\/wp\/v2\/media\/1853"}],"wp:attachment":[{"href":"https:\/\/portal.edu.gva.es\/iescanet\/wp-json\/wp\/v2\/media?parent=1852"}],"wp:term":[{"taxonomy":"post_tag","embeddable":true,"href":"https:\/\/portal.edu.gva.es\/iescanet\/wp-json\/wp\/v2\/tags?post=1852"},{"taxonomy":"tribe_events_cat","embeddable":true,"href":"https:\/\/portal.edu.gva.es\/iescanet\/wp-json\/wp\/v2\/tribe_events_cat?post=1852"}],"curies":[{"name":"wp","href":"https:\/\/api.w.org\/{rel}","templated":true}]}}

<p style="text-align: center"><strong><span style="color: #42b8b8">🥋🌍 XIII FESTIVAL INTERNACIONAL DE JUDO – PLATJA CANET D&#8217;EN BERENGUER</span></strong></p>
<p style="text-align: center">📍 Gimnasio del IES Nº1 de Canet d’en Berenguer</p>
<p style="text-align: center">🕘 ¡Desde las 9:00 de la mañana!</p>
<p style="text-align: center">💥 Ven a disfrutar del mejor judo con participantes de alto nivel.</p>
<p style="text-align: center">💪 Orgullo de nuestro centro: <a href="https://portal.edu.gva.es/iescanet/nico-un-titan-en-el-tatami/" target="_blank" rel="noopener">Niko</a> y <a href="https://portal.edu.gva.es/iescanet/alvaro-pasion-tecnica-y-disciplina-sobre-el-tatami/" target="_blank" rel="noopener">Álvaro</a>, grandes referentes del judo local. Además de la presencia de Victoriia Romanukha, Joan Roig, David, Andrii Romanukha,y  el cinturón negro del club de Canet, Pablo Valls</p>
<p style="text-align: center">⚠️ Recuerda traer calzado de goma para proteger el suelo del gimnasio.</p>
<p style="text-align: center">📸 ¡No faltes a este gran evento deportivo!</p>
<p style="text-align: center"><span style="color: #42b8b8"><strong>🥋🌍 XIII FESTIVAL INTERNACIONAL DE JUDO – PLATJA CANET D&#8217;EN BERENGUER</strong></span></p>
<p style="text-align: center">📍 Gimnàs de l’IES Nº1 de Canet d’en Berenguer</p>
<p style="text-align: center">🕘 A partir de les 9:00 del matí!</p>
<p style="text-align: center">💥 Vine a gaudir del millor judo amb participants de gran nivell.</p>
<p style="text-align: center">💪 Orgull del nostre centre: <a href="https://portal.edu.gva.es/iescanet/nico-un-titan-en-el-tatami/" target="_blank" rel="noopener">Niko</a> i <a href="https://portal.edu.gva.es/iescanet/alvaro-pasion-tecnica-y-disciplina-sobre-el-tatami/" target="_blank" rel="noopener">Álvaro</a>, grans referents del judo local. A més de la presència de Victoriia Romanukha, Joan Roig, David, Andrii Romanukha i el cinturó negre del club de Canet, Pablo Valls</p>
<p style="text-align: center">⚠️ Recorda portar calçat de goma per a protegir el sòl del gimnàs.</p>
<p style="text-align: center">📸 No et perdes aquest gran esdeveniment esportiu!</p>

<p>🥋🌍 XIII FESTIVAL INTERNACIONAL DE JUDO – PLATJA CANET D&#8217;EN BERENGUER 📍 Gimnasio del IES Nº1 de Canet d’en Berenguer 🕘 ¡Desde las 9:00 de la mañana! 💥 Ven a disfrutar del mejor judo con participantes de alto nivel. 💪 Orgullo de nuestro centro: Niko y Álvaro, grandes referentes del judo local. Además de la &#8230; </p>
<p class="read-more-container"><a title="XIII FESTIVAL INTERNACIONAL DE JUDO PLATJA CANET D&#8217;EN BERENGUER" class="read-more button" href="https://portal.edu.gva.es/iescanet/event/1852/#more-1852" aria-label="Read more about XIII FESTIVAL INTERNACIONAL DE JUDO PLATJA CANET D&#8217;EN BERENGUER">Leer más</a></p>
